greatest common factor of o and 48.
6
Suppose -164 = -2*s + s. Let g = s + -100. Let f(r) = 8*r - 48. Let u be f(7). Calculate the greatest common factor of g and u.
8
Suppose -5*t = 5*y - 3143 - 647, -4*y + 3008 = -4*t. Suppose -3*g = 83 - y. Calculate the highest common factor of 28 and g.
28
Let i(d) = 3*d**2 + 3*d - 4. Let v be i(-7). Suppose 2*h - v = 258. Suppose -2*z = -7*z + h. Calculate the highest common divisor of 95 and z.
19
Suppose 0 = -4*k + 113 - 5. Let a(b) = 8*b - 69. Let u be a(9). What is the highest common divisor of u and k?
3
Let a be 3*(93/(-9) + -1). Let i = -16 - a. Calculate the greatest common divisor of 162 and i.
18
Let r = -7 + 10. What is the highest common factor of r and 9?
3
Let p be ((-8)/(-10))/((-12)/(-300)). Let w = p + -10. Let k be (3 + 0)/((-3)/(-2)). What is the highest common divisor of k and w?
2
Let y(i) = 4*i. Let m be y(6). Suppose 16 = 5*p - m. Let n be ((-8)/10)/((-2)/10). Calculate the greatest common factor of p and n.
4
Let g = 11 - 63. Let k = 151 + g. Suppose 4*c + 4*j - 2*j - 66 = 0, 3*j = 5*c - k. What is the greatest common factor of c and 45?
9
Suppose 4*z - z = -2*n + 20, n = 5*z - 16. What is the greatest common divisor of z and 1?
1
Let w = 254 + -229. Let j = -22 + 32. Calculate the highest common factor of w and j.
5
Suppose 3*f - v - 4*v - 53 = 0, 0 = 3*f + v - 47. Let c(u) = 5*u**2 + 2*u. Let g be c(-2). What is the greatest common factor of f and g?
16
Let x(c) = 6*c**2 + 1. Let p be 2*-1*(-1 + 6). Let l = p - -7. Let d be x(l). Calculate the highest common divisor of d and 5.
5
Let f be 1284/18 + -4*1/(-6). What is the greatest common factor of f and 6?
6
Let k = -46 - -70. What is the greatest common factor of k and 36?
12
Let p = 15 + -10. Suppose 5*k + p = 6*k. Calculate the greatest common factor of 10 and k.
5
Let q be 3/(-6) - 19/2. Let b = q - -12. What is the highest common factor of b and 18?
2
Let l(b) = b**3 - 5*b**2 + b - 2. Let o be l(5). Suppose 30 = 5*m - 45. Calculate the highest common divisor of o and m.
3
Suppose -3*z + 87 = 4*b, -5*z + 33 = -2*b + 4*b. What is the greatest common divisor of b and 6?
6
Let x be 2/4 + (-1)/(-2). Let q(i) = -i**3 - 15*i**2 + 4*i + 12. Let a be q(-14). Let r be (x/2)/((-2)/a). What is the greatest common factor of r and 10?
10
Let c be 57 + 2 + (2 + -3 - 1). What is the highest common factor of 38 and c?
19
Let d = 8 - 14. Let g(m) = m**3 + 5*m**2 - 7*m + 5. Let f be g(d). Let y = -44 - -88. What is the highest common factor of y and f?
11
Let o = -368 - -775. Calculate the greatest common factor of 37 and o.
37
Suppose -2*u - 2*u + 2*l = -26, -5*u - 5*l = -25. What is the greatest common divisor of 2 and u?
2
Suppose -59 = -3*n - 5. Let i be ((-24)/(-30))/((-4)/(-30)). What is the greatest common factor of n and i?
6
Suppose 4*c + 3*v - 21 = 4*v, 3*c - 4*v - 19 = 0. Let k = 27 - -3. Suppose -5*d = f - k, f + 2*f = 15. Calculate the highest common factor of c and d.
5
Suppose -34 = -3*t + 4*a, 3*a - 15 + 3 = -4*t. What is the greatest common divisor of t and 24?
6
Suppose 4*x - x - 90 = 0. Let l = -4 + x. Suppose 0 = -3*h + 4*d + 10, 4*h + d = l. What is the highest common divisor of 18 and h?
6
Let r(w) = w**3 - 2*w**2 + w - 2. Let m(u) = u**2 + u - 3. Let g be m(-3). Let y be r(g). What is the highest common divisor of y and 2?
2
Let u(f) = f - 2. Let l be u(-6). Let t = 110 + l. What is the highest common factor of t and 17?
17
Let l(k) = -31*k**3 + 2*k**2 + k. Let a be l(-1). What is the highest common factor of a and 24?
8
Suppose -1364 = -4*j + 3*g - 0*g, 0 = -4*j - 2*g + 1364. What is the greatest common divisor of j and 31?
31
Suppose 24 = r - 137. Suppose 3*y + 2*f - 94 = 0, -y + f + r = 4*y. Suppose -q = -1 - 7. What is the greatest common factor of q and y?
8
Let u be -1 + ((-1)/1 - -23). Let j = -7 + u. Let p(c) = 3*c. Let n be p(7). What is the highest common factor of n and j?
7
Suppose 0 = 5*v - 0*v - 6160. Suppose 6*p + v = 4*p. Let h be 9/2*p/(-21). What is the highest common factor of h and 12?
12
Let g(s) = s**2 - 2. Let k be g(2). Suppose -k*w - w + 6 = 0. Suppose h + 2*u = 76, -w*h + 5*u = h - 272. What is the greatest common factor of 12 and h?
12
Let c(u) = u**3 + 10*u**2 - 2*u - 1. Let s be c(-10). Calculate the highest common divisor of s and 57.
19
Let m = -18 + 78. What is the greatest common factor of m and 40?
20
Let j be (1 - 133)*21/(-14). Calculate the highest common divisor of 18 and j.
18
Suppose 5*p = 3*w - 31 + 1, 0 = w - 5*p. Let j(r) = -r**3 + 11*r**2 - 2*r - 5. Let u be j(10). What is the highest common factor of u and w?
15
Let i = 3 + 10. What is the greatest common factor of 117 and i?
13
Let x = -3 + 24. What is the greatest common divisor of x and 7?
7
Let l(o) = 6*o + 10*o**2 + o**3 - 7*o - 4*o**2. Let h be l(-5). What is the greatest common factor of 20 and h?
10
Let z(a) = -2*a. Let f be z(4). Suppose -o - 5*q = -53, -5*q - 21 + 1 = 0. Let u = o - f. What is the greatest common divisor of u and 9?
9
Let z = 5 - 3. Suppose -s = f + z*f + 8, -3*s + 6 = 3*f. What is the greatest common factor of s and 7?
7
Let f = 17 + 3. Suppose -4*w = 6*o - 3*o - 35, 0 = 2*w + 5*o - 35. What is the greatest common factor of f and w?
5
Suppose 0 = m - 2*m. Suppose 5*y - 94 + 19 = m. What is the greatest common divisor of y and 10?
5
Suppose 4*w - 17 = 3*d, 5*w - 4*d - 4 = 16. Let i = 9 + w. Calculate the highest common divisor of i and 187.
17
Let v = 0 - -5. Let l be 26/4 - (-5)/(-10). Let u(k) = 2*k - 7. Let p be u(l). Calculate the highest common divisor of p and v.
5
Let t = 77 - 72. What is the highest common factor of 70 and t?
5
Suppose -26*y + 10 = -25*y. Calculate the greatest common factor of y and 2.
2
Let f(d) = 0 - d**2 - 4*d - 1 + 7*d + 6*d. Let g be f(9). Let w be g + 3 + (0 - -11). What is the highest common divisor of w and 91?
13
Let g be 4/((-2 - 0)/(-1)). What is the highest common factor of g and 14?
2
Let x be 174/4*(-100)/(-75). What is the greatest common divisor of x and 290?
58
Suppose 6*d = d + 25. Suppose d*v - 2*j - 115 = 0, 2*j = 4*v + j - 95. Calculate the greatest common factor of v and 25.
25
Suppose -5*y - 2*t + 257 = 0, 0*y - 2*y - 3*t = -105. What is the highest common factor of y and 17?
17
Let w be 2/(-4*(-1)/38). Let l = 85 - 9. What is the highest common divisor of w and l?
19
Let w be 15/25 - (-36)/(-10). Let x be (-11)/(-3)*(-36)/w. Suppose g + 4*c - 24 = 0, -4*g - 3*c = -g - 27. What is the greatest common factor of x and g?
4
Let k(c) = 5*c - 4. Let w be k(4). What is the greatest common factor of w and 4?
4
Let c(w) = -4*w + w**2 + 2*w - 1 + 0 - 4*w. Let t be c(8). What is the highest common factor of 120 and t?
15
Let u(p) = 2*p**2 - 5*p + 4. Let z be -6*(4/6)/(-1). Let i be u(z). Calculate the greatest common divisor of 144 and i.
16
Suppose p - 14 = 10. Let m be 1*(-20 - 1)*-1. Suppose 0 = -3*k + m - 3. Calculate the highest common divisor of k and p.
6
Let t(u) = -16*u - 16. Let v(i) = -3*i - 3. Let j(z) = -2*t(z) + 11*v(z). Let h be j(-4). Suppose 3*q + h = 6. Calculate the highest common factor of 7 and q.
1
Suppose -2*h - 2*k = -4*k - 40, -h - 3*k + 28 = 0. Calculate the greatest common divisor of 286 and h.
22
Let l be 6/8*(1 + 75). Calculate the greatest common factor of l and 19.
19
Let h = 182 + -117. Let z be 4 - 2/4*-2. Suppose 4*u - z*u + 5*w + 60 = 0, -u + 4*w = -h. What is the highest common factor of u and 17?
17
Let n(d) = 5*d**2 - 16*d - 3. Let v be n(7). Calculate the highest common divisor of 10 and v.
10
Let k be (-6 - (-35)/10)/((-3)/54). What is the highest common divisor of 315 and k?
45
Let g = -35 + 98. Let d be (-4)/10 + 6/15. Suppose f - 32 = -4*a, d*f = -2*f + 8. Calculate the highest common factor of g and a.
7
Let x = 65 - 50. What is the highest common factor of x and 35?
5
Let s(z) = z**3 - 5*z**2 - 9*z - 5. Let d be s(7). What is the greatest common divisor of 5 and d?
5
Suppose 0 = -2*c - 3 + 9. Let n be 392/c + 2/(-3). Let j = -56 - -69. Calculate the greatest common divisor of n and j.
13
Let v be 7 + -5 + (-66)/(-3). Calculate the greatest common divisor of 64 and v.
8
Let v be 17/3 + (-6)/9. Let r be 9/2 + v/10. Calculate the highest common factor of r and 20.
5
Suppose -2*g = -4*g + 44. Calculate the highest co